
223
Calculate the remainder when 2473 is divided by 1114.
245
What is the remainder when 3597 is divided by 223?
29
What is the remainder when 4821 is divided by 685?
26
Calculate the remainder when 9504 is divided by 1180.
64
What is the remainder when 560008 is divided by 39?
7
Calculate the remainder when 17348 is divided by 170.
8
What is the remainder when 3501 is divided by 375?
126
Calculate the remainder when 221573 is divided by 7.
2
Calculate the remainder when 1533 is divided by 229.
159
Calculate the remainder when 32521 is divided by 101.
100
Calculate the remainder when 3854 is divided by 692.
394
Calculate the remainder when 908 is divided by 220.
28
What is the remainder when 406 is divided by 115?
61
Calculate the remainder when 284513 is divided by 403.
398
Calculate the remainder when 25945 is divided by 61.
20
What is the remainder when 2662 is divided by 376?
30
Calculate the remainder when 1876892 is divided by 228.
224
What is the remainder when 30661 is divided by 30655?
6
Calculate the remainder when 28463 is divided by 14227.
9
Calculate the remainder when 774 is divided by 185.
34
Calculate the remainder when 4010 is divided by 1728.
554
What is the remainder when 50689 is divided by 714?
709
What is the remainder when 1426545 is divided by 811?
807
Calculate the remainder when 3836 is divided by 465.
116
What is the remainder when 54519 is divided by 94?
93
What is the remainder when 11838 is divided by 34?
6
Calculate the remainder when 1511 is divided by 373.
19
Calculate the remainder when 32617 is divided by 70.
67
Calculate the remainder when 70650 is divided by 13.
8
Calculate the remainder when 8787 is divided by 318.
201
Calculate the remainder when 431 is divided by 86.
1
What is the remainder when 1987 is divided by 607?
166
Calculate the remainder when 189885 is divided by 7.
3
Calculate the remainder when 82548 is divided by 325.
323
What is the remainder when 23289 is divided by 13?
6
Calculate the remainder when 4140 is divided by 941.
376
What is the remainder when 922 is divided by 41?
20
What is the remainder when 5232 is divided by 194?
188
Calculate the remainder when 65304 is divided by 21764.
12
What is the remainder when 3695 is divided by 305?
35
Calculate the remainder when 498388 is divided by 449.
447
Calculate the remainder when 8910 is divided by 2227.
2
Calculate the remainder when 3402518 is divided by 10.
8
What is the remainder when 1226176 is divided by 3323?
3312
Calculate the remainder when 155139 is divided by 524.
35
Calculate the remainder when 22992 is divided by 22989.
3
What is the remainder when 6945 is divided by 19?
10
What is the remainder when 12931 is divided by 43?
31
What is the remainder when 90418 is divided by 45201?
16
What is the remainder when 122718 is divided by 78?
24
Calculate the remainder when 7620 is divided by 1645.
1040
Calculate the remainder when 7659 is divided by 3819.
21
Calculate the remainder when 5861622 is divided by 203.
200
What is the remainder when 3198 is divided by 3157?
41
What is the remainder when 918703 is divided by 19?
15
Calculate the remainder when 7147 is divided by 69.
40
Calculate the remainder when 29402 is divided by 1947.
197
What is the remainder when 12840 is divided by 189?
177
What is the remainder when 257928 is divided by 7?
6
What is the remainder when 10359 is divided by 10262?
97
Calculate the remainder when 5823 is divided by 1903.
114
What is the remainder when 15537 is divided by 222?
219
Calculate the remainder when 1244 is divided by 217.
159
What is the remainder when 11168 is divided by 237?
29
What is the remainder when 6092 is divided by 40?
12
Calculate the remainder when 124023 is divided by 2067.
3
Calculate the remainder when 179488 is divided by 284.
0
What is the remainder when 77139 is divided by 25709?
12
Calculate the remainder when 1726 is divided by 856.
14
What is the remainder when 239477 is divided by 3?
2
What is the remainder when 93156 is divided by 99?
96
What is the remainder when 14777 is divided by 226?
87
What is the remainder when 2732 is divided by 276?
248
What is the remainder when 2267 is divided by 2222?
45
Calculate the remainder when 10051 is divided by 76.
19
Calculate the remainder when 40060 is divided by 210.
160
What is the remainder when 108294 is divided by 313?
309
Calculate the remainder when 55094 is divided by 5008.
6
Calculate the remainder when 282 is divided by 67.
14
Calculate the remainder when 49365 is divided by 40.
5
What is the remainder when 850657 is divided by 283547?
16
What is the remainder when 37721 is divided by 1194?
707
What is the remainder when 10256 is divided by 5075?
106
Calculate the remainder when 48715 is divided by 16233.
16
What is the remainder when 5646 is divided by 233?
54
Calculate the remainder when 70555 is divided by 92.
83
Calculate the remainder when 10337 is divided by 10243.
94
Calculate the remainder when 3964 is divided by 3881.
83
What is the remainder when 37905 is divided by 1083?
0
What is the remainder when 38855 is divided by 335?
330
Calculate the remainder when 358722 is divided by 49.
42
What is the remainder when 23512 is divided by 511?
6
What is the remainder when 256195 is divided by 47?
45
What is the remainder when 1000 is divided by 251?
247
What is the remainder when 8959 is divided by 230?
219
Calculate the remainder when 290568 is divided by 41507.
19
What is the remainder when 3329 is divided by 1519?
291
Calculate the remainder when 1471 is divided by 307.
243
Calculate the remainder when 1748 is divided by 169.
58
Calculate the remainder when 74749 is divided by 1359.
4
What is the remainder when 51916 is divided by 78?
46
What is the remainder when 177765 is divided by 23?
21
What is the remainder when 72070 is divided by 43?
2
What is the remainder when 43880 is divided by 248?
232
What is the remainder when 1750138 is divided by 10?
8
Calculate the remainder when 17810 is divided by 17758.
52
What is the remainder when 6111 is divided by 160?
31
Calculate the remainder when 4826 is divided by 2070.
686
What is the remainder when 80 is divided by 7?
3
Calculate the remainder when 33362 is divided by 1163.
798
Calculate the remainder when 155663 is divided by 4.
3
Calculate the remainder when 411592 is divided by 205787.
18
What is the remainder when 47977 is divided by 331?
313
What is the remainder when 672057 is divided by 146?
19
Calculate the remainder when 6749 is divided by 37.
15
Calculate the remainder when 584 is divided by 49.
45
What is the remainder when 34558 is divided by 272?
14
What is the remainder when 406018 is divided by 202997?
24
Calculate the remainder when 538319 is divided by 7.
5
Calculate the remainder when 1100 is divided by 23.
19
What is the remainder when 77915 is divided by 99?
2
Calculate the remainder when 47847 is divided by 409.
403
Calculate the remainder when 54732 is divided by 30.
12
Calculate the remainder when 303457 is divided by 15971.
8
What is the remainder when 18210 is divided by 131?
1
What is the remainder when 21116 is divided by 7007?
95
What is the remainder when 18883 is divided by 18864?
19
What is the remainder when 48401 is divided by 176?
1
Calculate the remainder when 9767 is divided by 1218.
23
Calculate the remainder when 3570 is divided by 103.
68
What is the remainder when 1131 is divided by 280?
11
Calculate the remainder when 14745 is divided by 103.
16
Calculate the remainder when 10145 is divided by 58.
53
What is the remainder when 801 is divided by 206?
183
What is the remainder when 13126 is divided by 544?
70
What is the remainder when 57886 is divided by 54?
52
Calculate the remainder when 625 is divided by 138.
73
Calculate the remainder when 8761 is divided by 2799.
364
What is the remainder when 157816 is divided by 58?
56
Calculate the remainder when 397218 is divided by 10.
8
What is the remainder when 806 is divided by 694?
112
What is the remainder when 12186 is divided by 277?
275
What is the remainder when 32626 is divided by 155?
76
What is the remainder when 1851 is divided by 540?
231
What is the remainder when 12549 is divided by 22?
9
Calculate the remainder when 714399 is divided by 769.
767
Calculate the rema